{"id":24889,"date":"2024-09-21T12:55:36","date_gmt":"2024-09-21T15:55:36","guid":{"rendered":"https:\/\/faacz.com.br\/portal\/?page_id=24889"},"modified":"2024-10-17T19:51:24","modified_gmt":"2024-10-17T22:51:24","slug":"doacoes-a-biblioteca","status":"publish","type":"page","link":"https:\/\/faacz.com.br\/portal\/biblioteca\/doacoes-a-biblioteca\/","title":{"rendered":"Doa\u00e7\u00f5es \u00e0 Biblioteca"},"content":{"rendered":"\t\t<div data-elementor-type=\"wp-page\" data-elementor-id=\"24889\" class=\"elementor elementor-24889\" data-elementor-settings=\"{&quot;ha_cmc_init_switcher&quot;:&quot;no&quot;}\" data-elementor-post-type=\"page\">\n\t\t\t\t<div class=\"elementor-element elementor-element-816e368 bg-roxo e-flex e-con-boxed wpr-particle-no wpr-jarallax-no wpr-parallax-no wpr-sticky-section-no e-con e-parent\" data-id=\"816e368\" data-element_type=\"container\" data-settings=\"{&quot;background_background&quot;:&quot;classic&quot;}\">\n\t\t\t\t\t<div class=\"e-con-inner\">\n\t\t<div class=\"elementor-element elementor-element-6be59fd e-flex e-con-boxed wpr-particle-no wpr-jarallax-no wpr-parallax-no wpr-sticky-section-no e-con e-child\" data-id=\"6be59fd\" data-element_type=\"container\">\n\t\t\t\t\t<div class=\"e-con-inner\">\n\t\t\t\t<div class=\"elementor-element elementor-element-adf5810 elementor-invisible elementor-widget elementor-widget-shortcode\" data-id=\"adf5810\" data-element_type=\"widget\" data-settings=\"{&quot;_animation&quot;:&quot;fadeInUp&quot;}\" data-widget_type=\"shortcode.default\">\n\t\t\t\t<div class=\"elementor-widget-container\">\n\t\t\t\t\t\t\t<div class=\"elementor-shortcode\"><div class=\"aioseo-breadcrumbs\"><span class=\"aioseo-breadcrumb\">\n\t\t\tHome\n\t\t<\/span><\/div><\/div>\n\t\t\t\t\t\t<\/div>\n\t\t\t\t<\/div>\n\t\t\t\t<div class=\"elementor-element elementor-element-2a8edf8 elementor-invisible elementor-widget elementor-widget-heading\" data-id=\"2a8edf8\" data-element_type=\"widget\" data-settings=\"{&quot;_animation&quot;:&quot;fadeInLeft&quot;}\" data-widget_type=\"heading.default\">\n\t\t\t\t<div class=\"elementor-widget-container\">\n\t\t\t\t\t<h1 class=\"elementor-heading-title elementor-size-default\">Doa\u00e7\u00f5es \u00e0 Biblioteca<\/h1>\t\t\t\t<\/div>\n\t\t\t\t<\/div>\n\t\t\t\t<div class=\"elementor-element elementor-element-6a487a5 elementor-widget-divider--view-line elementor-invisible elementor-widget elementor-widget-divider\" data-id=\"6a487a5\" data-element_type=\"widget\" data-settings=\"{&quot;_animation&quot;:&quot;fadeInDown&quot;}\" data-widget_type=\"divider.default\">\n\t\t\t\t<div class=\"elementor-widget-container\">\n\t\t\t\t\t\t\t<div class=\"elementor-divider\">\n\t\t\t<span class=\"elementor-divider-separator\">\n\t\t\t\t\t\t<\/span>\n\t\t<\/div>\n\t\t\t\t\t\t<\/div>\n\t\t\t\t<\/div>\n\t\t\t\t\t<\/div>\n\t\t\t\t<\/div>\n\t\t\t\t\t<\/div>\n\t\t\t\t<\/div>\n\t\t<div class=\"elementor-element elementor-element-8ac24a8 e-flex e-con-boxed wpr-particle-no wpr-jarallax-no wpr-parallax-no wpr-sticky-section-no e-con e-child\" data-id=\"8ac24a8\" data-element_type=\"container\">\n\t\t\t\t\t<div class=\"e-con-inner\">\n\t\t\t\t<div class=\"elementor-element elementor-element-b5998b9 menubibliotecas elementor-widget elementor-widget-jet-mega-menu\" data-id=\"b5998b9\" data-element_type=\"widget\" data-widget_type=\"jet-mega-menu.default\">\n\t\t\t\t<div class=\"elementor-widget-container\">\n\t\t\t\t\t<div class=\"menu-biblioteca-container\"><div class=\"jet-menu-container\"><div class=\"jet-menu-inner\"><ul class=\"jet-menu jet-menu--animation-type-move-down\"><li id=\"jet-menu-item-25587\" class=\"jet-menu-item jet-menu-item-type-custom jet-menu-item-object-custom jet-menu-item-has-children jet-no-roll-up jet-simple-menu-item jet-regular-item jet-menu-item-25587\"><a class=\"top-level-link\"><div class=\"jet-menu-item-wrapper\"><div class=\"jet-menu-title\">Selecione uma op\u00e7\u00e3o<\/div><i class=\"jet-dropdown-arrow fa fa-angle-down\"><\/i><\/div><\/a>\n<ul  class=\"jet-sub-menu\">\n\t<li id=\"jet-menu-item-25070\" class=\"jet-menu-item jet-menu-item-type-post_type jet-menu-item-object-page jet-no-roll-up jet-simple-menu-item jet-regular-item jet-menu-item-25070 jet-sub-menu-item\"><a href=\"https:\/\/faacz.com.br\/portal\/biblioteca\/doacoes-a-biblioteca\/\" class=\"sub-level-link\"><div class=\"jet-menu-item-wrapper\"><div class=\"jet-menu-title\">Doa\u00e7\u00f5es \u00e0 Biblioteca<\/div><\/div><\/a><\/li>\n\t<li id=\"jet-menu-item-25071\" class=\"jet-menu-item jet-menu-item-type-post_type jet-menu-item-object-page jet-no-roll-up jet-simple-menu-item jet-regular-item jet-menu-item-25071 jet-sub-menu-item\"><a href=\"https:\/\/faacz.com.br\/portal\/biblioteca\/base-de-dados-online\/\" class=\"sub-level-link\"><div class=\"jet-menu-item-wrapper\"><div class=\"jet-menu-title\">Base de Dados Online<\/div><\/div><\/a><\/li>\n\t<li id=\"jet-menu-item-25446\" class=\"jet-menu-item jet-menu-item-type-post_type jet-menu-item-object-page jet-no-roll-up jet-simple-menu-item jet-regular-item jet-menu-item-25446 jet-sub-menu-item\"><a href=\"https:\/\/faacz.com.br\/portal\/biblioteca\/periodicos-eletronicos\/\" class=\"sub-level-link\"><div class=\"jet-menu-item-wrapper\"><div class=\"jet-menu-title\">Peri\u00f3dicos Eletr\u00f4nicos<\/div><\/div><\/a><\/li>\n\t<li id=\"jet-menu-item-25068\" class=\"jet-menu-item jet-menu-item-type-post_type jet-menu-item-object-page jet-no-roll-up jet-simple-menu-item jet-regular-item jet-menu-item-25068 jet-sub-menu-item\"><a href=\"https:\/\/faacz.com.br\/portal\/biblioteca\/acervo\/\" class=\"sub-level-link\"><div class=\"jet-menu-item-wrapper\"><div class=\"jet-menu-title\">Acervo<\/div><\/div><\/a><\/li>\n\t<li id=\"jet-menu-item-25067\" class=\"jet-menu-item jet-menu-item-type-post_type jet-menu-item-object-page jet-no-roll-up jet-simple-menu-item jet-regular-item jet-menu-item-25067 jet-sub-menu-item\"><a href=\"https:\/\/faacz.com.br\/portal\/biblioteca\/downloads\/\" class=\"sub-level-link\"><div class=\"jet-menu-item-wrapper\"><div class=\"jet-menu-title\">Downloads<\/div><\/div><\/a><\/li>\n\t<li id=\"jet-menu-item-25066\" class=\"jet-menu-item jet-menu-item-type-post_type jet-menu-item-object-page jet-no-roll-up jet-simple-menu-item jet-regular-item jet-menu-item-25066 jet-sub-menu-item\"><a href=\"https:\/\/faacz.com.br\/portal\/biblioteca\/repositorio-de-tccs\/\" class=\"sub-level-link\"><div class=\"jet-menu-item-wrapper\"><div class=\"jet-menu-title\">Reposit\u00f3rio de TCCs<\/div><\/div><\/a><\/li>\n\t<li id=\"jet-menu-item-25065\" class=\"jet-menu-item jet-menu-item-type-post_type jet-menu-item-object-page jet-no-roll-up jet-simple-menu-item jet-regular-item jet-menu-item-25065 jet-sub-menu-item\"><a href=\"https:\/\/faacz.com.br\/portal\/biblioteca\/renovacao\/\" class=\"sub-level-link\"><div class=\"jet-menu-item-wrapper\"><div class=\"jet-menu-title\">Renova\u00e7\u00e3o<\/div><\/div><\/a><\/li>\n<\/ul>\n<\/li>\n<\/ul><\/div><\/div><\/div>\t\t\t\t<\/div>\n\t\t\t\t<\/div>\n\t\t\t\t<div class=\"elementor-element elementor-element-6f4a76a elementor-invisible elementor-widget elementor-widget-heading\" data-id=\"6f4a76a\" data-element_type=\"widget\" data-settings=\"{&quot;_animation&quot;:&quot;fadeInUp&quot;}\" data-widget_type=\"heading.default\">\n\t\t\t\t<div class=\"elementor-widget-container\">\n\t\t\t\t\t<h2 class=\"elementor-heading-title elementor-size-default\">  Ser\u00e3o analisados os seguintes crit\u00e9rios:\n<\/h2>\t\t\t\t<\/div>\n\t\t\t\t<\/div>\n\t\t\t\t<div class=\"elementor-element elementor-element-0c0d0fa elementor-invisible elementor-widget elementor-widget-text-editor\" data-id=\"0c0d0fa\" data-element_type=\"widget\" data-settings=\"{&quot;_animation&quot;:&quot;fadeInUp&quot;}\" data-widget_type=\"text-editor.default\">\n\t\t\t\t<div class=\"elementor-widget-container\">\n\t\t\t\t\t\t\t\t\t<p>\u2022 Adequa\u00e7\u00e3o ao curr\u00edculo acad\u00eamico e \u00e0s linhas de pesquisa; <br \/>\u2022 Adequa\u00e7\u00e3o do material aos objetivos e n\u00edveis educacionais da institui\u00e7\u00e3o; <br \/>\u2022 Autoridade do autor e\/ou editor; <br \/>\u2022 Atualidade; <br \/>\u2022 Qualidade t\u00e9cnica; <br \/>\u2022 Quantidade (excesso\/escassez) de material sobre o assunto na cole\u00e7\u00e3o; <br \/>\u2022 Cobertura\/tratamento do assunto; <br \/>\u2022 Idioma; <br \/>\u2022 N\u00famero de usu\u00e1rios potenciais; <br \/>\u2022 Conveni\u00eancia do formato e compatibiliza\u00e7\u00e3o com equipamentos existentes; <br \/>\u2022 Estado de conserva\u00e7\u00e3o do material.<\/p>\t\t\t\t\t\t\t\t<\/div>\n\t\t\t\t<\/div>\n\t\t\t\t<div class=\"elementor-element elementor-element-807875c elementor-invisible elementor-widget elementor-widget-heading\" data-id=\"807875c\" data-element_type=\"widget\" data-settings=\"{&quot;_animation&quot;:&quot;fadeInUp&quot;}\" data-widget_type=\"heading.default\">\n\t\t\t\t<div class=\"elementor-widget-container\">\n\t\t\t\t\t<h2 class=\"elementor-heading-title elementor-size-default\">  Destina\u00e7\u00e3o das doa\u00e7\u00f5es:\n<\/h2>\t\t\t\t<\/div>\n\t\t\t\t<\/div>\n\t\t\t\t<div class=\"elementor-element elementor-element-85934c1 elementor-widget__width-initial elementor-invisible elementor-widget elementor-widget-text-editor\" data-id=\"85934c1\" data-element_type=\"widget\" data-settings=\"{&quot;_animation&quot;:&quot;fadeInUp&quot;}\" data-widget_type=\"text-editor.default\">\n\t\t\t\t<div class=\"elementor-widget-container\">\n\t\t\t\t\t\t\t\t\t<p>A biblioteca se reserva ao direito de dispor sobre o material doado, da seguinte forma:<\/p>\t\t\t\t\t\t\t\t<\/div>\n\t\t\t\t<\/div>\n\t\t\t\t<div class=\"elementor-element elementor-element-e9ef5fd elementor-invisible elementor-widget elementor-widget-text-editor\" data-id=\"e9ef5fd\" data-element_type=\"widget\" data-settings=\"{&quot;_animation&quot;:&quot;fadeInUp&quot;}\" data-widget_type=\"text-editor.default\">\n\t\t\t\t<div class=\"elementor-widget-container\">\n\t\t\t\t\t\t\t\t\t<p>\u2022 \u00a0Incorpora\u00e7\u00e3o ao acervo;\u2028<\/p><p>\u2022 \u00a0Doa\u00e7\u00e3o ou permuta com outras institui\u00e7\u00f5es e;\u2028<\/p><p>\u2022 \u00a0Descarte.<\/p>\t\t\t\t\t\t\t\t<\/div>\n\t\t\t\t<\/div>\n\t\t<div class=\"elementor-element elementor-element-de6f696 e-flex e-con-boxed wpr-particle-no wpr-jarallax-no wpr-parallax-no wpr-sticky-section-no elementor-invisible e-con e-child\" data-id=\"de6f696\" data-element_type=\"container\" data-settings=\"{&quot;background_background&quot;:&quot;classic&quot;,&quot;animation&quot;:&quot;fadeInUp&quot;}\">\n\t\t\t\t\t<div class=\"e-con-inner\">\n\t\t\t\t<div class=\"elementor-element elementor-element-49127af elementor-icon-list--layout-traditional elementor-list-item-link-full_width elementor-widget elementor-widget-icon-list\" data-id=\"49127af\" data-element_type=\"widget\" data-widget_type=\"icon-list.default\">\n\t\t\t\t<div class=\"elementor-widget-container\">\n\t\t\t\t\t\t\t<ul class=\"elementor-icon-list-items\">\n\t\t\t\t\t\t\t<li class=\"elementor-icon-list-item\">\n\t\t\t\t\t\t\t\t\t\t\t<span class=\"elementor-icon-list-icon\">\n\t\t\t\t\t\t\t<svg xmlns=\"http:\/\/www.w3.org\/2000\/svg\" width=\"16\" height=\"13\" viewBox=\"0 0 16 13\" fill=\"none\"><path d=\"M0 13L7.52632 0L15.0526 13H0ZM7.52632 10.9474C7.72018 10.9474 7.88268 10.8818 8.01382 10.7507C8.14496 10.6195 8.21053 10.457 8.21053 10.2632C8.21053 10.0693 8.14496 9.9068 8.01382 9.77566C7.88268 9.64452 7.72018 9.57895 7.52632 9.57895C7.33246 9.57895 7.16996 9.64452 7.03882 9.77566C6.90768 9.9068 6.8421 10.0693 6.8421 10.2632C6.8421 10.457 6.90768 10.6195 7.03882 10.7507C7.16996 10.8818 7.33246 10.9474 7.52632 10.9474ZM6.8421 8.89474H8.21053V5.47368H6.8421V8.89474Z\" fill=\"#2B70E5\"><\/path><\/svg>\t\t\t\t\t\t<\/span>\n\t\t\t\t\t\t\t\t\t\t<span class=\"elementor-icon-list-text\"><b> Importante:<\/b> N\u00e3o ser\u00e3o aceitos c\u00f3pias reprogr\u00e1ficas (xerox) de materiais bibliogr\u00e1ficos de acordo com o Art. 29 da Lei de Direito Autoral, Lei n\u00ba 9.610 de 19 de fevereiro de 1998<\/span>\n\t\t\t\t\t\t\t\t\t<\/li>\n\t\t\t\t\t\t<\/ul>\n\t\t\t\t\t\t<\/div>\n\t\t\t\t<\/div>\n\t\t\t\t\t<\/div>\n\t\t\t\t<\/div>\n\t\t\t\t\t<\/div>\n\t\t\t\t<\/div>\n\t\t\t\t<\/div>\n\t\t","protected":false},"excerpt":{"rendered":"<p>Selecione uma op\u00e7\u00e3o Doa\u00e7\u00f5es \u00e0 Biblioteca Base de Dados Online Peri\u00f3dicos Eletr\u00f4nicos Acervo Downloads Reposit\u00f3rio de TCCs Renova\u00e7\u00e3o Ser\u00e3o analisados os seguintes crit\u00e9rios: \u2022 Adequa\u00e7\u00e3o ao curr\u00edculo acad\u00eamico e \u00e0s linhas de pesquisa; \u2022 Adequa\u00e7\u00e3o do material aos objetivos e n\u00edveis educacionais da institui\u00e7\u00e3o; \u2022 Autoridade do autor e\/ou editor; \u2022 Atualidade; \u2022 Qualidade t\u00e9cnica; \u2022 Quantidade (excesso\/escassez) de material sobre o assunto na cole\u00e7\u00e3o; \u2022 Cobertura\/tratamento do assunto; \u2022 Idioma; \u2022 N\u00famero de usu\u00e1rios potenciais; \u2022 Conveni\u00eancia do formato e compatibiliza\u00e7\u00e3o com equipamentos existentes; \u2022 Estado de conserva\u00e7\u00e3o do material. Destina\u00e7\u00e3o das doa\u00e7\u00f5es: A biblioteca se reserva ao direito de dispor sobre o material doado, da seguinte forma: \u2022 \u00a0Incorpora\u00e7\u00e3o ao acervo;\u2028 \u2022 \u00a0Doa\u00e7\u00e3o ou permuta com outras institui\u00e7\u00f5es e;\u2028 \u2022 \u00a0Descarte. Importante: N\u00e3o ser\u00e3o aceitos c\u00f3pias reprogr\u00e1ficas (xerox) de materiais bibliogr\u00e1ficos de acordo com o Art. 29 da Lei de Direito Autoral, Lei n\u00ba 9.610 de 19 de fevereiro de 1998<\/p>\n","protected":false},"author":1,"featured_media":0,"parent":25426,"menu_order":24,"comment_status":"closed","ping_status":"closed","template":"elementor_header_footer","meta":{"_exactmetrics_skip_tracking":false,"_exactmetrics_sitenote_active":false,"_exactmetrics_sitenote_note":"","_exactmetrics_sitenote_category":0,"footnotes":""},"class_list":["post-24889","page","type-page","status-publish","hentry"],"aioseo_notices":[],"_links":{"self":[{"href":"https:\/\/faacz.com.br\/portal\/wp-json\/wp\/v2\/pages\/24889"}],"collection":[{"href":"https:\/\/faacz.com.br\/portal\/wp-json\/wp\/v2\/pages"}],"about":[{"href":"https:\/\/faacz.com.br\/portal\/wp-json\/wp\/v2\/types\/page"}],"author":[{"embeddable":true,"href":"https:\/\/faacz.com.br\/portal\/wp-json\/wp\/v2\/users\/1"}],"replies":[{"embeddable":true,"href":"https:\/\/faacz.com.br\/portal\/wp-json\/wp\/v2\/comments?post=24889"}],"version-history":[{"count":31,"href":"https:\/\/faacz.com.br\/portal\/wp-json\/wp\/v2\/pages\/24889\/revisions"}],"predecessor-version":[{"id":26685,"href":"https:\/\/faacz.com.br\/portal\/wp-json\/wp\/v2\/pages\/24889\/revisions\/26685"}],"up":[{"embeddable":true,"href":"https:\/\/faacz.com.br\/portal\/wp-json\/wp\/v2\/pages\/25426"}],"wp:attachment":[{"href":"https:\/\/faacz.com.br\/portal\/wp-json\/wp\/v2\/media?parent=24889"}],"curies":[{"name":"wp","href":"https:\/\/api.w.org\/{rel}","templated":true}]}}